{"id":1185,"date":"2024-06-29T17:09:00","date_gmt":"2024-06-29T20:09:00","guid":{"rendered":"https:\/\/natalzn.com.br\/site\/?page_id=1185"},"modified":"2024-07-23T16:40:21","modified_gmt":"2024-07-23T19:40:21","slug":"quem-somos","status":"publish","type":"page","link":"https:\/\/natalzn.com.br\/?page_id=1185","title":{"rendered":"Quem Somos"},"content":{"rendered":"\t\t<div data-elementor-type=\"wp-page\" data-elementor-id=\"1185\" class=\"elementor elementor-1185\" data-elementor-post-type=\"page\">\n\t\t\t\t<div class=\"elementor-element elementor-element-60418f1 e-con-full e-flex e-con e-parent\" data-id=\"60418f1\" data-element_type=\"container\" data-e-type=\"container\" data-settings=\"{&quot;background_background&quot;:&quot;classic&quot;}\">\n\t\t<div class=\"elementor-element elementor-element-79a54ae e-flex e-con-boxed e-con e-child\" data-id=\"79a54ae\" data-element_type=\"container\" data-e-type=\"container\">\n\t\t\t\t\t<div class=\"e-con-inner\">\n\t\t\t\t<div class=\"elementor-element elementor-element-743aaad elementor-widget elementor-widget-heading\" data-id=\"743aaad\" data-element_type=\"widget\" data-e-type=\"widget\" data-widget_type=\"heading.default\">\n\t\t\t\t<div class=\"elementor-widget-container\">\n\t\t\t\t\t<h1 class=\"elementor-heading-title elementor-size-default\">Quem Somos<\/h1>\t\t\t\t<\/div>\n\t\t\t\t<\/div>\n\t\t\t\t<div class=\"elementor-element elementor-element-f7160bf elementor-widget__width-initial elementor-view-default elementor-widget elementor-widget-icon\" data-id=\"f7160bf\" data-element_type=\"widget\" data-e-type=\"widget\" data-widget_type=\"icon.default\">\n\t\t\t\t<div class=\"elementor-widget-container\">\n\t\t\t\t\t\t\t<div class=\"elementor-icon-wrapper\">\n\t\t\t<div class=\"elementor-icon\">\n\t\t\t<svg aria-hidden=\"true\" class=\"e-font-icon-svg e-fas-square-full\" viewBox=\"0 0 512 512\" xmlns=\"http:\/\/www.w3.org\/2000\/svg\"><path d=\"M512 512H0V0h512v512z\"><\/path><\/svg>\t\t\t<\/div>\n\t\t<\/div>\n\t\t\t\t\t\t<\/div>\n\t\t\t\t<\/div>\n\t\t\t\t\t<\/div>\n\t\t\t\t<\/div>\n\t\t\t\t<\/div>\n\t\t<div class=\"elementor-element elementor-element-8fe8e9d e-flex e-con-boxed e-con e-parent\" data-id=\"8fe8e9d\" data-element_type=\"container\" data-e-type=\"container\">\n\t\t\t\t\t<div class=\"e-con-inner\">\n\t\t\t\t<div class=\"elementor-element elementor-element-0183f53 elementor-widget elementor-widget-spacer\" data-id=\"0183f53\" data-element_type=\"widget\" data-e-type=\"widget\" data-widget_type=\"spacer.default\">\n\t\t\t\t<div class=\"elementor-widget-container\">\n\t\t\t\t\t\t\t<div class=\"elementor-spacer\">\n\t\t\t<div class=\"elementor-spacer-inner\"><\/div>\n\t\t<\/div>\n\t\t\t\t\t\t<\/div>\n\t\t\t\t<\/div>\n\t\t\t\t<div class=\"elementor-element elementor-element-151b3b3 elementor-widget elementor-widget-text-editor\" data-id=\"151b3b3\" data-element_type=\"widget\" data-e-type=\"widget\" data-widget_type=\"text-editor.default\">\n\t\t\t\t<div class=\"elementor-widget-container\">\n\t\t\t\t\t\t\t\t\t<p>Somos a principal plataforma de classificados online dedicada \u00e0 Zona Norte de Natal, RN. Nosso objetivo \u00e9 conectar pessoas e neg\u00f3cios locais, facilitando a compra, venda e troca de produtos e servi\u00e7os. Se voc\u00ea est\u00e1 procurando por im\u00f3veis, ve\u00edculos, servi\u00e7os ou at\u00e9 mesmo aquela pechincha imperd\u00edvel, est\u00e1 no lugar certo.<\/p><h3>Nossa Miss\u00e3o<\/h3><p>Oferecer uma plataforma acess\u00edvel e confi\u00e1vel, fortalecendo a economia local e ajudando comerciantes a alcan\u00e7ar novos clientes.<\/p><h3>Nossos Valores<\/h3><ul><li><strong>Confiabilidade:<\/strong> Seguran\u00e7a e integridade em todas as transa\u00e7\u00f5es.<\/li><li><strong>Comunidade:<\/strong> Apoio ao crescimento local.<\/li><li><strong>Acessibilidade:<\/strong> Facilidade de uso para todos.<\/li><li><strong>Inova\u00e7\u00e3o:<\/strong> Melhoria constante dos nossos servi\u00e7os.<\/li><\/ul><h3>Como Funciona<\/h3><p>Crie uma conta, publique seu an\u00fancio e alcance a comunidade da Zona Norte de Natal de forma r\u00e1pida e segura.<\/p><h3>Junte-se a N\u00f3s<\/h3><p>Fa\u00e7a parte da nossa comunidade e descubra como \u00e9 f\u00e1cil comprar, vender e trocar no Natal ZN.<\/p>\t\t\t\t\t\t\t\t<\/div>\n\t\t\t\t<\/div>\n\t\t\t\t<div class=\"elementor-element elementor-element-944a230 elementor-widget elementor-widget-spacer\" data-id=\"944a230\" data-element_type=\"widget\" data-e-type=\"widget\" data-widget_type=\"spacer.default\">\n\t\t\t\t<div class=\"elementor-widget-container\">\n\t\t\t\t\t\t\t<div class=\"elementor-spacer\">\n\t\t\t<div class=\"elementor-spacer-inner\"><\/div>\n\t\t<\/div>\n\t\t\t\t\t\t<\/div>\n\t\t\t\t<\/div>\n\t\t\t\t\t<\/div>\n\t\t\t\t<\/div>\n\t\t\t\t<\/div>\n\t\t","protected":false},"excerpt":{"rendered":"<p>Somos a principal plataforma de classificados online dedicada \u00e0 Zona Norte de Natal, RN. Nosso objetivo \u00e9 conectar pessoas e neg\u00f3cios locais, facilitando a compra, venda e troca de produtos e servi\u00e7os. Se voc\u00ea est\u00e1 procurando por im\u00f3veis, ve\u00edculos, servi\u00e7os ou at\u00e9 mesmo aquela pechincha imperd\u00edvel, est\u00e1 no lugar certo. Nossa Miss\u00e3o Oferecer uma plataforma [&hellip;]<\/p>\n","protected":false},"author":1,"featured_media":0,"parent":0,"menu_order":0,"comment_status":"closed","ping_status":"closed","template":"elementor_header_footer","meta":{"footnotes":""},"class_list":["post-1185","page","type-page","status-publish","hentry"],"_links":{"self":[{"href":"https:\/\/natalzn.com.br\/index.php?rest_route=\/wp\/v2\/pages\/1185","targetHints":{"allow":["GET"]}}],"collection":[{"href":"https:\/\/natalzn.com.br\/index.php?rest_route=\/wp\/v2\/pages"}],"about":[{"href":"https:\/\/natalzn.com.br\/index.php?rest_route=\/wp\/v2\/types\/page"}],"author":[{"embeddable":true,"href":"https:\/\/natalzn.com.br\/index.php?rest_route=\/wp\/v2\/users\/1"}],"replies":[{"embeddable":true,"href":"https:\/\/natalzn.com.br\/index.php?rest_route=%2Fwp%2Fv2%2Fcomments&post=1185"}],"version-history":[{"count":13,"href":"https:\/\/natalzn.com.br\/index.php?rest_route=\/wp\/v2\/pages\/1185\/revisions"}],"predecessor-version":[{"id":1458,"href":"https:\/\/natalzn.com.br\/index.php?rest_route=\/wp\/v2\/pages\/1185\/revisions\/1458"}],"wp:attachment":[{"href":"https:\/\/natalzn.com.br\/index.php?rest_route=%2Fwp%2Fv2%2Fmedia&parent=1185"}],"curies":[{"name":"wp","href":"https:\/\/api.w.org\/{rel}","templated":true}]}}